{"id":7898,"date":"2021-09-03T01:17:23","date_gmt":"2021-09-03T04:17:23","guid":{"rendered":"https:\/\/ecoyambiente.com\/tienda\/?post_type=product&#038;p=7898"},"modified":"2022-08-30T11:46:47","modified_gmt":"2022-08-30T14:46:47","slug":"cebos-raticidas-parafinados-veneno-para-roedores","status":"publish","type":"product","link":"https:\/\/ecoyambiente.com\/?product=cebos-raticidas-parafinados-veneno-para-roedores","title":{"rendered":"Cebos Raticidas Parafinados &#8211; Veneno para Roedores &#8211; 1kg = 100 cebos"},"content":{"rendered":"<p><strong>Geltek Rodenticia Bloque:<\/strong> es un cebo monodosico anticoagulante, resistente al agua y a la humedad. Elimina Lauchas, Ratas y Ratones a partir del 3er d\u00eda de ingesti\u00f3n del cebo, sin despertar desconfianza en la colonia. Elimina en una sola ingesta (DOSIS \u00daNICA).<\/p>\n<p><strong>Espectro de acci\u00f3n:<\/strong> controla rata noruega, rata negra, rat\u00f3n dom\u00e9stico, rata colorada o ratones de campo.<\/p>\n<p><strong>Presentaci\u00f3n<\/strong><\/p>\n<p>Envase con 100 bloques de 10gr c\/u. = 1 kilogramo<\/p>\n<p><strong>Uso y Ventajas de Geltek<\/strong><\/p>\n<ul>\n<li>Para utilizar en: el interior y el exterior (desag\u00fces, baldios, campos, etc). No le afecta la h\u00famedad.<\/li>\n<li>Listo para usar: se distribuye los bloques en los lugares de tr\u00e1nsito de los roedores, cerca de las cuevas y donde se observen excrementos, pelos o material ro\u00eddo.<\/li>\n<li>Contiene amargante preventivo de ingesti\u00f3n humana y animal.<\/li>\n<li>Con agujero para fijar el bloque.<\/li>\n<\/ul>\n","protected":false},"excerpt":{"rendered":"<p>Geltek Rodenticia Bloque: es un cebo monodosico anticoagulante, resistente al agua y a la humedad. Elimina Lauchas, Ratas y Ratones a partir del 3er d\u00eda de ingesti\u00f3n del cebo, sin despertar desconfianza en la colonia. Elimina en una sola ingesta (DOSIS \u00daNICA). Espectro de acci\u00f3n: controla rata noruega, rata negra, rat\u00f3n dom\u00e9stico, rata colorada o [&hellip;]<\/p>\n","protected":false},"featured_media":7899,"template":"","meta":[],"product_brand":[],"product_cat":[3166],"product_tag":[3189,3248,3216,3210,3215],"class_list":{"0":"post-7898","1":"product","2":"type-product","3":"status-publish","4":"has-post-thumbnail","6":"product_cat-venenos-para-roedores","7":"product_tag-cebo","8":"product_tag-geltek","9":"product_tag-ratas","10":"product_tag-roedores","11":"product_tag-veneno","13":"first","14":"outofstock","15":"shipping-taxable","16":"purchasable","17":"product-type-simple"},"acf":[],"_links":{"self":[{"href":"https:\/\/ecoyambiente.com\/index.php?rest_route=\/wp\/v2\/product\/7898","targetHints":{"allow":["GET"]}}],"collection":[{"href":"https:\/\/ecoyambiente.com\/index.php?rest_route=\/wp\/v2\/product"}],"about":[{"href":"https:\/\/ecoyambiente.com\/index.php?rest_route=\/wp\/v2\/types\/product"}],"wp:featuredmedia":[{"embeddable":true,"href":"https:\/\/ecoyambiente.com\/index.php?rest_route=\/wp\/v2\/media\/7899"}],"wp:attachment":[{"href":"https:\/\/ecoyambiente.com\/index.php?rest_route=%2Fwp%2Fv2%2Fmedia&parent=7898"}],"wp:term":[{"taxonomy":"product_brand","embeddable":true,"href":"https:\/\/ecoyambiente.com\/index.php?rest_route=%2Fwp%2Fv2%2Fproduct_brand&post=7898"},{"taxonomy":"product_cat","embeddable":true,"href":"https:\/\/ecoyambiente.com\/index.php?rest_route=%2Fwp%2Fv2%2Fproduct_cat&post=7898"},{"taxonomy":"product_tag","embeddable":true,"href":"https:\/\/ecoyambiente.com\/index.php?rest_route=%2Fwp%2Fv2%2Fproduct_tag&post=7898"}],"curies":[{"name":"wp","href":"https:\/\/api.w.org\/{rel}","templated":true}]}}