{"id":7887,"date":"2021-09-03T01:08:10","date_gmt":"2021-09-03T04:08:10","guid":{"rendered":"https:\/\/ecoyambiente.com\/tienda\/?post_type=product&#038;p=7887"},"modified":"2022-08-30T11:48:26","modified_gmt":"2022-08-30T14:48:26","slug":"aceite-de-canela-x-500-cc","status":"publish","type":"product","link":"https:\/\/ecoyambiente.com\/?product=aceite-de-canela-x-500-cc","title":{"rendered":"Aceite de Canela x 500 cc"},"content":{"rendered":"<p>Entre las propiedades m\u00e1s destacables est\u00e1n la activaci\u00f3n y puesta en marcha de los mecanismos propios de defensa de la planta ante situaciones de estr\u00e9s (fitopatol\u00f3gico, climatolog\u00eda adversa, etc.). Se utiliza para el control biol\u00f3gico de \u00e1caros en genera. Es utilizable en exterior, interior e invernadero. Libre de Agroqu\u00edmicos<\/p>\n<p><strong>Usos<\/strong><br \/>\nCultivo de hortalizas, frutales y plantas ornamentales bajo pl\u00e1stico y aire libre.<\/p>\n<p><strong>Recomendaci\u00f3n<\/strong><br \/>\nUtilizar combinado con Jab\u00f3n pot\u00e1sico y Aceite de Neem.<\/p>\n<p><strong>Presentaci\u00f3n<\/strong><br \/>\n500 cc.<\/p>\n","protected":false},"excerpt":{"rendered":"<p>Entre las propiedades m\u00e1s destacables est\u00e1n la activaci\u00f3n y puesta en marcha de los mecanismos propios de defensa de la planta ante situaciones de estr\u00e9s (fitopatol\u00f3gico, climatolog\u00eda adversa, etc.). Se utiliza para el control biol\u00f3gico de \u00e1caros en genera. Es utilizable en exterior, interior e invernadero. Libre de Agroqu\u00edmicos Usos Cultivo de hortalizas, frutales y [&hellip;]<\/p>\n","protected":false},"featured_media":7920,"template":"","meta":[],"product_brand":[],"product_cat":[3161],"product_tag":[3180,3186],"class_list":{"0":"post-7887","1":"product","2":"type-product","3":"status-publish","4":"has-post-thumbnail","6":"product_cat-insecticidas-ecologicos","7":"product_tag-aceite","8":"product_tag-canela","10":"first","11":"outofstock","12":"shipping-taxable","13":"purchasable","14":"product-type-simple"},"acf":[],"_links":{"self":[{"href":"https:\/\/ecoyambiente.com\/index.php?rest_route=\/wp\/v2\/product\/7887","targetHints":{"allow":["GET"]}}],"collection":[{"href":"https:\/\/ecoyambiente.com\/index.php?rest_route=\/wp\/v2\/product"}],"about":[{"href":"https:\/\/ecoyambiente.com\/index.php?rest_route=\/wp\/v2\/types\/product"}],"wp:featuredmedia":[{"embeddable":true,"href":"https:\/\/ecoyambiente.com\/index.php?rest_route=\/wp\/v2\/media\/7920"}],"wp:attachment":[{"href":"https:\/\/ecoyambiente.com\/index.php?rest_route=%2Fwp%2Fv2%2Fmedia&parent=7887"}],"wp:term":[{"taxonomy":"product_brand","embeddable":true,"href":"https:\/\/ecoyambiente.com\/index.php?rest_route=%2Fwp%2Fv2%2Fproduct_brand&post=7887"},{"taxonomy":"product_cat","embeddable":true,"href":"https:\/\/ecoyambiente.com\/index.php?rest_route=%2Fwp%2Fv2%2Fproduct_cat&post=7887"},{"taxonomy":"product_tag","embeddable":true,"href":"https:\/\/ecoyambiente.com\/index.php?rest_route=%2Fwp%2Fv2%2Fproduct_tag&post=7887"}],"curies":[{"name":"wp","href":"https:\/\/api.w.org\/{rel}","templated":true}]}}

<p>Entre las propiedades más destacables están la activación y puesta en marcha de los mecanismos propios de defensa de la planta ante situaciones de estrés (fitopatológico, climatología adversa, etc.). Se utiliza para el control biológico de ácaros en genera. Es utilizable en exterior, interior e invernadero. Libre de Agroquímicos</p>
<p><strong>Usos</strong><br />
Cultivo de hortalizas, frutales y plantas ornamentales bajo plástico y aire libre.</p>
<p><strong>Recomendación</strong><br />
Utilizar combinado con Jabón potásico y Aceite de Neem.</p>
<p><strong>Presentación</strong><br />
500 cc.</p>

<p>Entre las propiedades más destacables están la activación y puesta en marcha de los mecanismos propios de defensa de la planta ante situaciones de estrés (fitopatológico, climatología adversa, etc.). Se utiliza para el control biológico de ácaros en genera. Es utilizable en exterior, interior e invernadero. Libre de Agroquímicos Usos Cultivo de hortalizas, frutales y [&hellip;]</p>
