{"id":7867,"date":"2021-09-03T00:47:04","date_gmt":"2021-09-03T03:47:04","guid":{"rendered":"https:\/\/ecoyambiente.com\/tienda\/?post_type=product&#038;p=7867"},"modified":"2022-08-30T11:50:05","modified_gmt":"2022-08-30T14:50:05","slug":"serrucho-de-poda-tramontina-12-pulgadas","status":"publish","type":"product","link":"https:\/\/ecoyambiente.com\/?product=serrucho-de-poda-tramontina-12-pulgadas","title":{"rendered":"Serrucho de Poda Tramontina &#8211; 12 pulgadas"},"content":{"rendered":"<ul>\n<li>L\u00e1mina en acero alto carbono templado y lijado.<\/li>\n<li>Mango de madera ergon\u00f3mico barnizado.<\/li>\n<li>Dientes trabados.<\/li>\n<li>5 dientes por pulgada.<\/li>\n<li>Tama\u00f1o: 12 pulgadas.<\/li>\n<\/ul>\n<p>Original Tramontina Brasil.<\/p>\n","protected":false},"excerpt":{"rendered":"<p>L\u00e1mina en acero alto carbono templado y lijado. Mango de madera ergon\u00f3mico barnizado. Dientes trabados. 5 dientes por pulgada. Tama\u00f1o: 12 pulgadas. Original Tramontina Brasil.<\/p>\n","protected":false},"featured_media":7868,"template":"","meta":[],"product_brand":[],"product_cat":[3124,3160],"product_tag":[3239,3238,3127],"class_list":{"0":"post-7867","1":"product","2":"type-product","3":"status-publish","4":"has-post-thumbnail","6":"product_cat-herramientas-de-corte","7":"product_cat-herramientas-de-jardin","8":"product_tag-poda","9":"product_tag-serrucho","10":"product_tag-tramontina","12":"first","13":"outofstock","14":"shipping-taxable","15":"purchasable","16":"product-type-simple"},"acf":[],"_links":{"self":[{"href":"https:\/\/ecoyambiente.com\/index.php?rest_route=\/wp\/v2\/product\/7867","targetHints":{"allow":["GET"]}}],"collection":[{"href":"https:\/\/ecoyambiente.com\/index.php?rest_route=\/wp\/v2\/product"}],"about":[{"href":"https:\/\/ecoyambiente.com\/index.php?rest_route=\/wp\/v2\/types\/product"}],"wp:featuredmedia":[{"embeddable":true,"href":"https:\/\/ecoyambiente.com\/index.php?rest_route=\/wp\/v2\/media\/7868"}],"wp:attachment":[{"href":"https:\/\/ecoyambiente.com\/index.php?rest_route=%2Fwp%2Fv2%2Fmedia&parent=7867"}],"wp:term":[{"taxonomy":"product_brand","embeddable":true,"href":"https:\/\/ecoyambiente.com\/index.php?rest_route=%2Fwp%2Fv2%2Fproduct_brand&post=7867"},{"taxonomy":"product_cat","embeddable":true,"href":"https:\/\/ecoyambiente.com\/index.php?rest_route=%2Fwp%2Fv2%2Fproduct_cat&post=7867"},{"taxonomy":"product_tag","embeddable":true,"href":"https:\/\/ecoyambiente.com\/index.php?rest_route=%2Fwp%2Fv2%2Fproduct_tag&post=7867"}],"curies":[{"name":"wp","href":"https:\/\/api.w.org\/{rel}","templated":true}]}}

<ul>
<li>Lámina en acero alto carbono templado y lijado.</li>
<li>Mango de madera ergonómico barnizado.</li>
<li>Dientes trabados.</li>
<li>5 dientes por pulgada.</li>
<li>Tamaño: 12 pulgadas.</li>
</ul>
<p>Original Tramontina Brasil.</p>

<p>Lámina en acero alto carbono templado y lijado. Mango de madera ergonómico barnizado. Dientes trabados. 5 dientes por pulgada. Tamaño: 12 pulgadas. Original Tramontina Brasil.</p>
