{"id":7797,"date":"2021-08-26T18:22:16","date_gmt":"2021-08-26T21:22:16","guid":{"rendered":"https:\/\/ecoyambiente.com\/tienda\/?post_type=product&#038;p=7797"},"modified":"2022-08-30T11:50:53","modified_gmt":"2022-08-30T14:50:53","slug":"espolvoreador-insuflador-guarany-para-2-kg-de-polvo","status":"publish","type":"product","link":"https:\/\/ecoyambiente.com\/?product=espolvoreador-insuflador-guarany-para-2-kg-de-polvo","title":{"rendered":"Espolvoreador \/ Insuflador Guarany para 2 kg de polvo"},"content":{"rendered":"<p>El espolvoreador es una herramienta utilizada para el insuflado (espolvoreo) de polvos insecticidas (ej: tierra de diatomeas). De accionamiento manual.<\/p>\n<p>Es muy eficaz para logar una capa homog\u00e9nea sobre los cultivos o suelos. Gran poder de penetraci\u00f3n y dispersi\u00f3n de polvos. Excelente performance, resistente a golpes y corrosi\u00f3n.<\/p>\n<p>Ideal para el control de insectos en: forestaciones, frutales, parques y jardines en general, floricultura, horticultura, viveros, corrales y criaderos.<\/p>\n","protected":false},"excerpt":{"rendered":"<p>El espolvoreador es una herramienta utilizada para el insuflado (espolvoreo) de polvos insecticidas (ej: tierra de diatomeas). De accionamiento manual. Es muy eficaz para logar una capa homog\u00e9nea sobre los cultivos o suelos. Gran poder de penetraci\u00f3n y dispersi\u00f3n de polvos. Excelente performance, resistente a golpes y corrosi\u00f3n. Ideal para el control de insectos en: [&hellip;]<\/p>\n","protected":false},"featured_media":7862,"template":"","meta":[],"product_brand":[],"product_cat":[3157],"product_tag":[3234,3168,3235],"class_list":{"0":"post-7797","1":"product","2":"type-product","3":"status-publish","4":"has-post-thumbnail","6":"product_cat-accesorios-de-jardineria","7":"product_tag-espolvoreador","8":"product_tag-guarany","9":"product_tag-insuflador","11":"first","12":"outofstock","13":"shipping-taxable","14":"purchasable","15":"product-type-simple"},"acf":[],"_links":{"self":[{"href":"https:\/\/ecoyambiente.com\/index.php?rest_route=\/wp\/v2\/product\/7797","targetHints":{"allow":["GET"]}}],"collection":[{"href":"https:\/\/ecoyambiente.com\/index.php?rest_route=\/wp\/v2\/product"}],"about":[{"href":"https:\/\/ecoyambiente.com\/index.php?rest_route=\/wp\/v2\/types\/product"}],"wp:featuredmedia":[{"embeddable":true,"href":"https:\/\/ecoyambiente.com\/index.php?rest_route=\/wp\/v2\/media\/7862"}],"wp:attachment":[{"href":"https:\/\/ecoyambiente.com\/index.php?rest_route=%2Fwp%2Fv2%2Fmedia&parent=7797"}],"wp:term":[{"taxonomy":"product_brand","embeddable":true,"href":"https:\/\/ecoyambiente.com\/index.php?rest_route=%2Fwp%2Fv2%2Fproduct_brand&post=7797"},{"taxonomy":"product_cat","embeddable":true,"href":"https:\/\/ecoyambiente.com\/index.php?rest_route=%2Fwp%2Fv2%2Fproduct_cat&post=7797"},{"taxonomy":"product_tag","embeddable":true,"href":"https:\/\/ecoyambiente.com\/index.php?rest_route=%2Fwp%2Fv2%2Fproduct_tag&post=7797"}],"curies":[{"name":"wp","href":"https:\/\/api.w.org\/{rel}","templated":true}]}}