{"id":7778,"date":"2021-08-26T18:08:58","date_gmt":"2021-08-26T21:08:58","guid":{"rendered":"https:\/\/ecoyambiente.com\/tienda\/?post_type=product&#038;p=7778"},"modified":"2021-09-11T11:26:18","modified_gmt":"2021-09-11T14:26:18","slug":"palita-ancha-tramontina","status":"publish","type":"product","link":"https:\/\/ecoyambiente.com\/?product=palita-ancha-tramontina","title":{"rendered":"Palita Ancha Tramontina"},"content":{"rendered":"<p>Palita Ancha &#8211; Met\u00e1lica &#8211; Cabo de madera &#8211; Tramontina<\/p>\n<p>Herramienta indispensable e ideal para trabajos en el jard\u00edn hogare\u00f1o y profesional, muy liviana y resistente. Excelente calidad de materiales.<\/p>\n<p>Utilizadas en horticultura, fruticultura y jard\u00edn, para servicios generales principalmente cavar y transportar tierra.<\/p>\n<p>Palita ancha (color naranja, largo 282 mm x ancho 85 mm, peso 160 gr, cabo de madera).<\/p>\n<p>Producto original Tramontina, importado de Brasil.<\/p>\n","protected":false},"excerpt":{"rendered":"<p>Palita Ancha &#8211; Met\u00e1lica &#8211; Cabo de madera &#8211; Tramontina Herramienta indispensable e ideal para trabajos en el jard\u00edn hogare\u00f1o y profesional, muy liviana y resistente. Excelente calidad de materiales. Utilizadas en horticultura, fruticultura y jard\u00edn, para servicios generales principalmente cavar y transportar tierra. Palita ancha (color naranja, largo 282 mm x ancho 85 mm, [&hellip;]<\/p>\n","protected":false},"featured_media":7783,"template":"","meta":[],"product_brand":[],"product_cat":[3160],"product_tag":[3228,3127],"class_list":{"0":"post-7778","1":"product","2":"type-product","3":"status-publish","4":"has-post-thumbnail","6":"product_cat-herramientas-de-jardin","7":"product_tag-palita","8":"product_tag-tramontina","10":"first","11":"outofstock","12":"shipping-taxable","13":"purchasable","14":"product-type-simple"},"acf":[],"_links":{"self":[{"href":"https:\/\/ecoyambiente.com\/index.php?rest_route=\/wp\/v2\/product\/7778","targetHints":{"allow":["GET"]}}],"collection":[{"href":"https:\/\/ecoyambiente.com\/index.php?rest_route=\/wp\/v2\/product"}],"about":[{"href":"https:\/\/ecoyambiente.com\/index.php?rest_route=\/wp\/v2\/types\/product"}],"wp:featuredmedia":[{"embeddable":true,"href":"https:\/\/ecoyambiente.com\/index.php?rest_route=\/wp\/v2\/media\/7783"}],"wp:attachment":[{"href":"https:\/\/ecoyambiente.com\/index.php?rest_route=%2Fwp%2Fv2%2Fmedia&parent=7778"}],"wp:term":[{"taxonomy":"product_brand","embeddable":true,"href":"https:\/\/ecoyambiente.com\/index.php?rest_route=%2Fwp%2Fv2%2Fproduct_brand&post=7778"},{"taxonomy":"product_cat","embeddable":true,"href":"https:\/\/ecoyambiente.com\/index.php?rest_route=%2Fwp%2Fv2%2Fproduct_cat&post=7778"},{"taxonomy":"product_tag","embeddable":true,"href":"https:\/\/ecoyambiente.com\/index.php?rest_route=%2Fwp%2Fv2%2Fproduct_tag&post=7778"}],"curies":[{"name":"wp","href":"https:\/\/api.w.org\/{rel}","templated":true}]}}

<p>Palita Ancha &#8211; Metálica &#8211; Cabo de madera &#8211; Tramontina</p>
<p>Herramienta indispensable e ideal para trabajos en el jardín hogareño y profesional, muy liviana y resistente. Excelente calidad de materiales.</p>
<p>Utilizadas en horticultura, fruticultura y jardín, para servicios generales principalmente cavar y transportar tierra.</p>
<p>Palita ancha (color naranja, largo 282 mm x ancho 85 mm, peso 160 gr, cabo de madera).</p>
<p>Producto original Tramontina, importado de Brasil.</p>

<p>Palita Ancha &#8211; Metálica &#8211; Cabo de madera &#8211; Tramontina Herramienta indispensable e ideal para trabajos en el jardín hogareño y profesional, muy liviana y resistente. Excelente calidad de materiales. Utilizadas en horticultura, fruticultura y jardín, para servicios generales principalmente cavar y transportar tierra. Palita ancha (color naranja, largo 282 mm x ancho 85 mm, [&hellip;]</p>
