{"id":7753,"date":"2021-08-26T18:00:10","date_gmt":"2021-08-26T21:00:10","guid":{"rendered":"https:\/\/ecoyambiente.com\/tienda\/?post_type=product&#038;p=7753"},"modified":"2022-08-30T11:52:37","modified_gmt":"2022-08-30T14:52:37","slug":"serrucho-de-poda-tramontina-master-de-12-pulgadas","status":"publish","type":"product","link":"https:\/\/ecoyambiente.com\/?product=serrucho-de-poda-tramontina-master-de-12-pulgadas","title":{"rendered":"Serrucho de Poda Tramontina Master de 12&#8243; pulgadas"},"content":{"rendered":"<ul>\n<li>L\u00e1mina en acero alto carbono templado y lijado.<\/li>\n<li>Mango de madera ergon\u00f3mico barnizado.<\/li>\n<li>Dientes trabados.<\/li>\n<li>5 dientes por pulgada.<\/li>\n<li>Protecci\u00f3n pl\u00e1stica en el \u00e1rea de corte.<\/li>\n<\/ul>\n<p>Original Tramontina Brasil<\/p>\n","protected":false},"excerpt":{"rendered":"<p>L\u00e1mina en acero alto carbono templado y lijado. Mango de madera ergon\u00f3mico barnizado. Dientes trabados. 5 dientes por pulgada. Protecci\u00f3n pl\u00e1stica en el \u00e1rea de corte. Original Tramontina Brasil<\/p>\n","protected":false},"featured_media":7771,"template":"","meta":[],"product_brand":[],"product_cat":[3160],"product_tag":[3126,3225,3127],"class_list":{"0":"post-7753","1":"product","2":"type-product","3":"status-publish","4":"has-post-thumbnail","6":"product_cat-herramientas-de-jardin","7":"product_tag-podar","8":"product_tag-serrudo","9":"product_tag-tramontina","11":"first","12":"outofstock","13":"shipping-taxable","14":"purchasable","15":"product-type-simple"},"acf":[],"_links":{"self":[{"href":"https:\/\/ecoyambiente.com\/index.php?rest_route=\/wp\/v2\/product\/7753","targetHints":{"allow":["GET"]}}],"collection":[{"href":"https:\/\/ecoyambiente.com\/index.php?rest_route=\/wp\/v2\/product"}],"about":[{"href":"https:\/\/ecoyambiente.com\/index.php?rest_route=\/wp\/v2\/types\/product"}],"wp:featuredmedia":[{"embeddable":true,"href":"https:\/\/ecoyambiente.com\/index.php?rest_route=\/wp\/v2\/media\/7771"}],"wp:attachment":[{"href":"https:\/\/ecoyambiente.com\/index.php?rest_route=%2Fwp%2Fv2%2Fmedia&parent=7753"}],"wp:term":[{"taxonomy":"product_brand","embeddable":true,"href":"https:\/\/ecoyambiente.com\/index.php?rest_route=%2Fwp%2Fv2%2Fproduct_brand&post=7753"},{"taxonomy":"product_cat","embeddable":true,"href":"https:\/\/ecoyambiente.com\/index.php?rest_route=%2Fwp%2Fv2%2Fproduct_cat&post=7753"},{"taxonomy":"product_tag","embeddable":true,"href":"https:\/\/ecoyambiente.com\/index.php?rest_route=%2Fwp%2Fv2%2Fproduct_tag&post=7753"}],"curies":[{"name":"wp","href":"https:\/\/api.w.org\/{rel}","templated":true}]}}

<ul>
<li>Lámina en acero alto carbono templado y lijado.</li>
<li>Mango de madera ergonómico barnizado.</li>
<li>Dientes trabados.</li>
<li>5 dientes por pulgada.</li>
<li>Protección plástica en el área de corte.</li>
</ul>
<p>Original Tramontina Brasil</p>

<p>Lámina en acero alto carbono templado y lijado. Mango de madera ergonómico barnizado. Dientes trabados. 5 dientes por pulgada. Protección plástica en el área de corte. Original Tramontina Brasil</p>
