{"id":7747,"date":"2021-08-26T17:40:46","date_gmt":"2021-08-26T20:40:46","guid":{"rendered":"https:\/\/ecoyambiente.com\/tienda\/?post_type=product&#038;p=7747"},"modified":"2022-08-30T11:53:17","modified_gmt":"2022-08-30T14:53:17","slug":"tijera-de-podar-profesional-una-mano-tramontina","status":"publish","type":"product","link":"https:\/\/ecoyambiente.com\/?product=tijera-de-podar-profesional-una-mano-tramontina","title":{"rendered":"Tijera de Podar Profesional &#8211; Una mano &#8211; Tramontina"},"content":{"rendered":"<ul>\n<li>Modelo: 78305\/801.<\/li>\n<li>Medida total: 8\u2033.<\/li>\n<li>Tijera de podar profesional con l\u00e1mina intercambiable y mango revestido con plastisol.<\/li>\n<li>La tijera es apropiada para la poda de \u00e1rboles fruct\u00edferos, flores y plantas ornamentales.<\/li>\n<li>Mango anat\u00f3mico y ergon\u00f3mico.<\/li>\n<\/ul>\n<ul>\n<li><strong>Producto original Tramontina, importado de Brasil.<\/strong><\/li>\n<\/ul>\n","protected":false},"excerpt":{"rendered":"<p>Modelo: 78305\/801. Medida total: 8\u2033. Tijera de podar profesional con l\u00e1mina intercambiable y mango revestido con plastisol. La tijera es apropiada para la poda de \u00e1rboles fruct\u00edferos, flores y plantas ornamentales. Mango anat\u00f3mico y ergon\u00f3mico. Producto original Tramontina, importado de Brasil.<\/p>\n","protected":false},"featured_media":7760,"template":"","meta":[],"product_brand":[],"product_cat":[3124],"product_tag":[3126,3125,3127],"class_list":{"0":"post-7747","1":"product","2":"type-product","3":"status-publish","4":"has-post-thumbnail","6":"product_cat-herramientas-de-corte","7":"product_tag-podar","8":"product_tag-tijera","9":"product_tag-tramontina","11":"first","12":"outofstock","13":"shipping-taxable","14":"purchasable","15":"product-type-simple"},"acf":[],"_links":{"self":[{"href":"https:\/\/ecoyambiente.com\/index.php?rest_route=\/wp\/v2\/product\/7747","targetHints":{"allow":["GET"]}}],"collection":[{"href":"https:\/\/ecoyambiente.com\/index.php?rest_route=\/wp\/v2\/product"}],"about":[{"href":"https:\/\/ecoyambiente.com\/index.php?rest_route=\/wp\/v2\/types\/product"}],"wp:featuredmedia":[{"embeddable":true,"href":"https:\/\/ecoyambiente.com\/index.php?rest_route=\/wp\/v2\/media\/7760"}],"wp:attachment":[{"href":"https:\/\/ecoyambiente.com\/index.php?rest_route=%2Fwp%2Fv2%2Fmedia&parent=7747"}],"wp:term":[{"taxonomy":"product_brand","embeddable":true,"href":"https:\/\/ecoyambiente.com\/index.php?rest_route=%2Fwp%2Fv2%2Fproduct_brand&post=7747"},{"taxonomy":"product_cat","embeddable":true,"href":"https:\/\/ecoyambiente.com\/index.php?rest_route=%2Fwp%2Fv2%2Fproduct_cat&post=7747"},{"taxonomy":"product_tag","embeddable":true,"href":"https:\/\/ecoyambiente.com\/index.php?rest_route=%2Fwp%2Fv2%2Fproduct_tag&post=7747"}],"curies":[{"name":"wp","href":"https:\/\/api.w.org\/{rel}","templated":true}]}}

<ul>
<li>Modelo: 78305/801.</li>
<li>Medida total: 8″.</li>
<li>Tijera de podar profesional con lámina intercambiable y mango revestido con plastisol.</li>
<li>La tijera es apropiada para la poda de árboles fructíferos, flores y plantas ornamentales.</li>
<li>Mango anatómico y ergonómico.</li>
</ul>
<ul>
<li><strong>Producto original Tramontina, importado de Brasil.</strong></li>
</ul>

<p>Modelo: 78305/801. Medida total: 8″. Tijera de podar profesional con lámina intercambiable y mango revestido con plastisol. La tijera es apropiada para la poda de árboles fructíferos, flores y plantas ornamentales. Mango anatómico y ergonómico. Producto original Tramontina, importado de Brasil.</p>
