{"id":7744,"date":"2021-08-26T17:39:12","date_gmt":"2021-08-26T20:39:12","guid":{"rendered":"https:\/\/ecoyambiente.com\/tienda\/?post_type=product&#038;p=7744"},"modified":"2022-08-30T11:53:26","modified_gmt":"2022-08-30T14:53:26","slug":"tijera-de-podar-profesional-bypass-tramontina","status":"publish","type":"product","link":"https:\/\/ecoyambiente.com\/?product=tijera-de-podar-profesional-bypass-tramontina","title":{"rendered":"Tijera de Podar Profesional Bypass &#8211; Tramontina"},"content":{"rendered":"<p>La tijera se desarroll\u00f3 especialmente para ayudar en las tareas de: fruticultura, floricultura, silvicultura y paisajismo.<\/p>\n<p>Tiene mango ergon\u00f3mico, traba de seguridad y l\u00e1minas de acero de alto desempe\u00f1o.<\/p>\n<p>&nbsp;<\/p>\n<p><strong>Producto original Tramontina, importado de Brasil.<\/strong><\/p>\n","protected":false},"excerpt":{"rendered":"<p>La tijera se desarroll\u00f3 especialmente para ayudar en las tareas de: fruticultura, floricultura, silvicultura y paisajismo. Tiene mango ergon\u00f3mico, traba de seguridad y l\u00e1minas de acero de alto desempe\u00f1o. &nbsp; Producto original Tramontina, importado de Brasil.<\/p>\n","protected":false},"featured_media":7757,"template":"","meta":[],"product_brand":[],"product_cat":[3124],"product_tag":[3126,3125,3127],"class_list":{"0":"post-7744","1":"product","2":"type-product","3":"status-publish","4":"has-post-thumbnail","6":"product_cat-herramientas-de-corte","7":"product_tag-podar","8":"product_tag-tijera","9":"product_tag-tramontina","11":"first","12":"outofstock","13":"shipping-taxable","14":"purchasable","15":"product-type-simple"},"acf":[],"_links":{"self":[{"href":"https:\/\/ecoyambiente.com\/index.php?rest_route=\/wp\/v2\/product\/7744","targetHints":{"allow":["GET"]}}],"collection":[{"href":"https:\/\/ecoyambiente.com\/index.php?rest_route=\/wp\/v2\/product"}],"about":[{"href":"https:\/\/ecoyambiente.com\/index.php?rest_route=\/wp\/v2\/types\/product"}],"wp:featuredmedia":[{"embeddable":true,"href":"https:\/\/ecoyambiente.com\/index.php?rest_route=\/wp\/v2\/media\/7757"}],"wp:attachment":[{"href":"https:\/\/ecoyambiente.com\/index.php?rest_route=%2Fwp%2Fv2%2Fmedia&parent=7744"}],"wp:term":[{"taxonomy":"product_brand","embeddable":true,"href":"https:\/\/ecoyambiente.com\/index.php?rest_route=%2Fwp%2Fv2%2Fproduct_brand&post=7744"},{"taxonomy":"product_cat","embeddable":true,"href":"https:\/\/ecoyambiente.com\/index.php?rest_route=%2Fwp%2Fv2%2Fproduct_cat&post=7744"},{"taxonomy":"product_tag","embeddable":true,"href":"https:\/\/ecoyambiente.com\/index.php?rest_route=%2Fwp%2Fv2%2Fproduct_tag&post=7744"}],"curies":[{"name":"wp","href":"https:\/\/api.w.org\/{rel}","templated":true}]}}

<p>La tijera se desarrolló especialmente para ayudar en las tareas de: fruticultura, floricultura, silvicultura y paisajismo.</p>
<p>Tiene mango ergonómico, traba de seguridad y láminas de acero de alto desempeño.</p>
<p>&nbsp;</p>
<p><strong>Producto original Tramontina, importado de Brasil.</strong></p>

<p>La tijera se desarrolló especialmente para ayudar en las tareas de: fruticultura, floricultura, silvicultura y paisajismo. Tiene mango ergonómico, traba de seguridad y láminas de acero de alto desempeño. &nbsp; Producto original Tramontina, importado de Brasil.</p>
