{"id":7693,"date":"2021-08-26T13:57:35","date_gmt":"2021-08-26T16:57:35","guid":{"rendered":"https:\/\/ecoyambiente.com\/tienda\/?post_type=product&#038;p=7693"},"modified":"2022-08-30T11:54:20","modified_gmt":"2022-08-30T14:54:20","slug":"citronela-liquida-concentrada-citrolsol","status":"publish","type":"product","link":"https:\/\/ecoyambiente.com\/?product=citronela-liquida-concentrada-citrolsol","title":{"rendered":"Repelente de Mosquitos Citrolsol (Citronela l\u00edquida)"},"content":{"rendered":"<p>Es un producto ecol\u00f3gico destinado al ahuyentamiento y control de mosquitos. Su acci\u00f3n permite alterar sus h\u00e1bitos generando una conducta de evasi\u00f3n y escape del \u00e1rea tratada. Diluible en agua, m\u00e1ximo rendimiento. Citronela L\u00edquida Concentrada.<\/p>\n<p><strong>Presentaci\u00f3n<\/strong><br \/>\n1 litro: rinde 400\/800 mts2.<\/p>\n<p>Producto libre de Agroqu\u00edmicos.<\/p>\n","protected":false},"excerpt":{"rendered":"<p>Es un producto ecol\u00f3gico destinado al ahuyentamiento y control de mosquitos. Su acci\u00f3n permite alterar sus h\u00e1bitos generando una conducta de evasi\u00f3n y escape del \u00e1rea tratada. Diluible en agua, m\u00e1ximo rendimiento. Citronela L\u00edquida Concentrada. Presentaci\u00f3n 1 litro: rinde 400\/800 mts2. Producto libre de Agroqu\u00edmicos.<\/p>\n","protected":false},"featured_media":7923,"template":"","meta":[],"product_brand":[],"product_cat":[3165],"product_tag":[3212,3211,3182],"class_list":{"0":"post-7693","1":"product","2":"type-product","3":"status-publish","4":"has-post-thumbnail","6":"product_cat-repelentes","7":"product_tag-citronela","8":"product_tag-mosquitos","9":"product_tag-repelente","11":"first","12":"outofstock","13":"shipping-taxable","14":"purchasable","15":"product-type-simple"},"acf":[],"_links":{"self":[{"href":"https:\/\/ecoyambiente.com\/index.php?rest_route=\/wp\/v2\/product\/7693","targetHints":{"allow":["GET"]}}],"collection":[{"href":"https:\/\/ecoyambiente.com\/index.php?rest_route=\/wp\/v2\/product"}],"about":[{"href":"https:\/\/ecoyambiente.com\/index.php?rest_route=\/wp\/v2\/types\/product"}],"wp:featuredmedia":[{"embeddable":true,"href":"https:\/\/ecoyambiente.com\/index.php?rest_route=\/wp\/v2\/media\/7923"}],"wp:attachment":[{"href":"https:\/\/ecoyambiente.com\/index.php?rest_route=%2Fwp%2Fv2%2Fmedia&parent=7693"}],"wp:term":[{"taxonomy":"product_brand","embeddable":true,"href":"https:\/\/ecoyambiente.com\/index.php?rest_route=%2Fwp%2Fv2%2Fproduct_brand&post=7693"},{"taxonomy":"product_cat","embeddable":true,"href":"https:\/\/ecoyambiente.com\/index.php?rest_route=%2Fwp%2Fv2%2Fproduct_cat&post=7693"},{"taxonomy":"product_tag","embeddable":true,"href":"https:\/\/ecoyambiente.com\/index.php?rest_route=%2Fwp%2Fv2%2Fproduct_tag&post=7693"}],"curies":[{"name":"wp","href":"https:\/\/api.w.org\/{rel}","templated":true}]}}