{"id":7664,"date":"2021-08-26T13:32:44","date_gmt":"2021-08-26T16:32:44","guid":{"rendered":"https:\/\/ecoyambiente.com\/tienda\/?post_type=product&#038;p=7664"},"modified":"2022-08-30T11:55:53","modified_gmt":"2022-08-30T14:55:53","slug":"k-othrine-fog","status":"publish","type":"product","link":"https:\/\/ecoyambiente.com\/?product=k-othrine-fog","title":{"rendered":"K-Othrine FOG (ex Delta fog) de Bayer"},"content":{"rendered":"<p>K-Othrine FOG es un insecticida en aerosol con v\u00e1lvula de descarga total, especialmente dise\u00f1ado para ambientes cerrados sin corrientes de aire.<br \/>\nK-Othrine FOG genera una niebla insecticida que satura totalmente el ambiente a tratar, quedando los insectos expuestos a la acci\u00f3n del producto.<br \/>\nK-Othrine FOG logra penetrar en lugares de dif\u00edcil acceso como: cielorrasos, entretechos, grietas, etc., logrando por intermedio de esta acci\u00f3n (de la Deltametrina + Tetrametina potenciada por el Butoxido de Piperonilo) irritar al insecto oblig\u00e1ndolo a salir de su escondite y tener un mayor contacto con el efecto del insecticida, logrando un importante efecto de mortandad.<br \/>\nK-Othrine FOG no deja olores desagradables, manchas ni residuos.<\/p>\n<p><strong>Plagas que controla<\/strong><\/p>\n<ul>\n<li>Insectos voladores: avispas, jejenes, mosquitos, moscas, polillas, t\u00e1banos (entre otros).<\/li>\n<li>Insectos rastreros: alacranes, ar\u00e1cnidos, chinches, cucarachas, garrapatas, hormigas, pulgas, piojos (entre otros).<\/li>\n<\/ul>\n","protected":false},"excerpt":{"rendered":"<p>K-Othrine FOG es un insecticida en aerosol con v\u00e1lvula de descarga total, especialmente dise\u00f1ado para ambientes cerrados sin corrientes de aire. K-Othrine FOG genera una niebla insecticida que satura totalmente el ambiente a tratar, quedando los insectos expuestos a la acci\u00f3n del producto. K-Othrine FOG logra penetrar en lugares de dif\u00edcil acceso como: cielorrasos, entretechos, [&hellip;]<\/p>\n","protected":false},"featured_media":7670,"template":"","meta":[],"product_brand":[],"product_cat":[3162],"product_tag":[3199,3177,3200],"class_list":{"0":"post-7664","1":"product","2":"type-product","3":"status-publish","4":"has-post-thumbnail","6":"product_cat-insecticidas-liquidos","7":"product_tag-aerosol","8":"product_tag-insecticida","9":"product_tag-k-othrine-fog","11":"first","12":"outofstock","13":"shipping-taxable","14":"purchasable","15":"product-type-simple"},"acf":[],"_links":{"self":[{"href":"https:\/\/ecoyambiente.com\/index.php?rest_route=\/wp\/v2\/product\/7664","targetHints":{"allow":["GET"]}}],"collection":[{"href":"https:\/\/ecoyambiente.com\/index.php?rest_route=\/wp\/v2\/product"}],"about":[{"href":"https:\/\/ecoyambiente.com\/index.php?rest_route=\/wp\/v2\/types\/product"}],"wp:featuredmedia":[{"embeddable":true,"href":"https:\/\/ecoyambiente.com\/index.php?rest_route=\/wp\/v2\/media\/7670"}],"wp:attachment":[{"href":"https:\/\/ecoyambiente.com\/index.php?rest_route=%2Fwp%2Fv2%2Fmedia&parent=7664"}],"wp:term":[{"taxonomy":"product_brand","embeddable":true,"href":"https:\/\/ecoyambiente.com\/index.php?rest_route=%2Fwp%2Fv2%2Fproduct_brand&post=7664"},{"taxonomy":"product_cat","embeddable":true,"href":"https:\/\/ecoyambiente.com\/index.php?rest_route=%2Fwp%2Fv2%2Fproduct_cat&post=7664"},{"taxonomy":"product_tag","embeddable":true,"href":"https:\/\/ecoyambiente.com\/index.php?rest_route=%2Fwp%2Fv2%2Fproduct_tag&post=7664"}],"curies":[{"name":"wp","href":"https:\/\/api.w.org\/{rel}","templated":true}]}}