{"id":7654,"date":"2021-08-26T13:16:48","date_gmt":"2021-08-26T16:16:48","guid":{"rendered":"https:\/\/ecoyambiente.com\/tienda\/?post_type=product&#038;p=7654"},"modified":"2022-08-30T11:56:28","modified_gmt":"2022-08-30T14:56:28","slug":"apple-trap-trampa-para-mosquitas-de-la-fruta","status":"publish","type":"product","link":"https:\/\/ecoyambiente.com\/?product=apple-trap-trampa-para-mosquitas-de-la-fruta","title":{"rendered":"Trampa para Mosquitas de la Fruta &#8211; Apple Trap"},"content":{"rendered":"<p><strong>APPLE TRAP (Trampa para mosquitas de la fruta).<\/strong><br \/>\nM\u00e9todo no t\u00f3xico para eliminar las moscas de a fruta, moscas peque\u00f1as en la cocina o zonas con mucha humedad.<br \/>\n&#8211; viene con la carga del l\u00edquido que se coloca dentro para atraer a las moscas.<br \/>\n&#8211; Alto poder, evita que las moscas escapen.<br \/>\n&#8211; No da\u00f1a ni afecta a personas o mascotas.<br \/>\n&#8211; Puede ser utilizada por cualquiera y en cualquier lugar.<\/p>\n<p>P<strong>roductos entregados<\/strong>:<br \/>\n&#8211; 1 trampa.<br \/>\n&#8211; 1 envase de atrayente l\u00edquido (repuesto)<\/p>\n<p><strong>Video instructivo<\/strong><\/p>\n<p><a href=\"https:\/\/www.youtube.com\/watch?v=xiliZHZaqVQ\">https:\/\/www.youtube.com\/watch?v=xiliZHZaqVQ<\/a><\/p>\n","protected":false},"excerpt":{"rendered":"<p>APPLE TRAP (Trampa para mosquitas de la fruta). M\u00e9todo no t\u00f3xico para eliminar las moscas de a fruta, moscas peque\u00f1as en la cocina o zonas con mucha humedad. &#8211; viene con la carga del l\u00edquido que se coloca dentro para atraer a las moscas. &#8211; Alto poder, evita que las moscas escapen. &#8211; No da\u00f1a [&hellip;]<\/p>\n","protected":false},"featured_media":7659,"template":"","meta":[],"product_brand":[],"product_cat":[3187],"product_tag":[3191,3193,3188,3192,3194],"class_list":{"0":"post-7654","1":"product","2":"type-product","3":"status-publish","4":"has-post-thumbnail","6":"product_cat-insecticida-para-moscas","7":"product_tag-apple-trap","8":"product_tag-fruta","9":"product_tag-moscas","10":"product_tag-mosquitas","11":"product_tag-trampa","13":"first","14":"outofstock","15":"shipping-taxable","16":"purchasable","17":"product-type-simple"},"acf":[],"_links":{"self":[{"href":"https:\/\/ecoyambiente.com\/index.php?rest_route=\/wp\/v2\/product\/7654","targetHints":{"allow":["GET"]}}],"collection":[{"href":"https:\/\/ecoyambiente.com\/index.php?rest_route=\/wp\/v2\/product"}],"about":[{"href":"https:\/\/ecoyambiente.com\/index.php?rest_route=\/wp\/v2\/types\/product"}],"wp:featuredmedia":[{"embeddable":true,"href":"https:\/\/ecoyambiente.com\/index.php?rest_route=\/wp\/v2\/media\/7659"}],"wp:attachment":[{"href":"https:\/\/ecoyambiente.com\/index.php?rest_route=%2Fwp%2Fv2%2Fmedia&parent=7654"}],"wp:term":[{"taxonomy":"product_brand","embeddable":true,"href":"https:\/\/ecoyambiente.com\/index.php?rest_route=%2Fwp%2Fv2%2Fproduct_brand&post=7654"},{"taxonomy":"product_cat","embeddable":true,"href":"https:\/\/ecoyambiente.com\/index.php?rest_route=%2Fwp%2Fv2%2Fproduct_cat&post=7654"},{"taxonomy":"product_tag","embeddable":true,"href":"https:\/\/ecoyambiente.com\/index.php?rest_route=%2Fwp%2Fv2%2Fproduct_tag&post=7654"}],"curies":[{"name":"wp","href":"https:\/\/api.w.org\/{rel}","templated":true}]}}